{"id":20,"date":"2022-01-03T14:13:44","date_gmt":"2022-01-03T14:13:44","guid":{"rendered":"https:\/\/stahlhandel-glauninger.at\/?page_id=20"},"modified":"2022-01-03T14:24:30","modified_gmt":"2022-01-03T14:24:30","slug":"firmengeschichte","status":"publish","type":"page","link":"http:\/\/stahlhandel-glauninger.at\/?page_id=20","title":{"rendered":"Firmengeschichte"},"content":{"rendered":"\n<p>Kurzbiografie des Firmengr\u00fcnders:&nbsp;<\/p>\n\n\n\n<p>Geboren am 23. Feber 1972 als Sohn eines Schlossers habe ich schon seit Kindheit mit dem Produkt Stahl \u201eFreundschaft\u201c geschlossen.&nbsp;<\/p>\n\n\n\n<p>Im November 1990 trat ich die Stelle als kaufm\u00e4nnischer Angestellter bei der Fa. Stahl-Eberhardt in A-8020 Graz an. Dort habe ich mir Grundwissen im Bereich Kommerzstahl und Spenglereiwesen aneignen k\u00f6nnen. Im Feber 1996 wechselte ich zur Firma Kovac Stahl in A-8051 Graz, wo ich mein Fachwissen im Bereich Qualit\u00e4tsstahl und Blechanarbeitung ausbauen konnte.<\/p>\n\n\n\n<p>Ab Mai 2000 war ich als Niederlassungsleiter f\u00fcr Steiermark und K\u00e4rnten der Firma Waldmann &amp; Bruder in A-2201 Gerasdorf t\u00e4tig, wo ich&nbsp;mir zus\u00e4tzlich Fachwissen im Bereich Edel- und Bewehrungsstahl&nbsp;aneignen konnte.<\/p>\n\n\n\n<p>Aufgrund des Konzernverkaufes Kl\u00f6ckner-Stahl, welcher Fa. Waldmann &amp; Bruder angeh\u00f6rte, wurde unsere Niederlassung im J\u00e4nner 2002 aufgel\u00f6st.<\/p>\n\n\n\n<p>Gl\u00fccklicherweise wurde ich gleichzeitig von Fa. Frankstahl, A-2353 Guntramsdorf mit der Gr\u00fcndung eines Gro\u00dfverkaufsb\u00fcros N\u00e4he Graz beauftragt.<\/p>\n\n\n\n<p>Im April 2004 entschlo\u00df ich mich den Weg in die Selbst\u00e4ndigkeit zu wagen. Trotz anf\u00e4nglicher Bonit\u00e4tsprobleme habe ich in der Zwischenzeit ein solides Einzelunternehmen auf die F\u00fcsse gestellt.<\/p>\n\n\n\n<p>Mittlerweile kann ich durch Kontakte zu vielen Werken und Gro\u00dfh\u00e4ndlern in Europa bzw. \u00dcbersee ein breites Spektrum anbieten.<\/p>\n","protected":false},"excerpt":{"rendered":"<p>Kurzbiografie des Firmengr\u00fcnders:&nbsp; Geboren am 23. Feber 1972 als Sohn eines Schlossers habe ich schon seit Kindheit mit dem Produkt Stahl \u201eFreundschaft\u201c geschlossen.&nbsp; Im November 1990 trat ich die Stelle als kaufm\u00e4nnischer Angestellter bei der Fa. Stahl-Eberhardt in A-8020 Graz an. Dort habe ich mir Grundwissen im Bereich Kommerzstahl und Spenglereiwesen aneignen k\u00f6nnen. Im Feber&hellip; <a class=\"more-link\" href=\"http:\/\/stahlhandel-glauninger.at\/?page_id=20\"><span class=\"screen-reader-text\">Firmengeschichte<\/span> weiterlesen<\/a><\/p>\n","protected":false},"author":1,"featured_media":0,"parent":2,"menu_order":0,"comment_status":"closed","ping_status":"closed","template":"","meta":[],"_links":{"self":[{"href":"http:\/\/stahlhandel-glauninger.at\/index.php?rest_route=\/wp\/v2\/pages\/20"}],"collection":[{"href":"http:\/\/stahlhandel-glauninger.at\/index.php?rest_route=\/wp\/v2\/pages"}],"about":[{"href":"http:\/\/stahlhandel-glauninger.at\/index.php?rest_route=\/wp\/v2\/types\/page"}],"author":[{"embeddable":true,"href":"http:\/\/stahlhandel-glauninger.at\/index.php?rest_route=\/wp\/v2\/users\/1"}],"replies":[{"embeddable":true,"href":"http:\/\/stahlhandel-glauninger.at\/index.php?rest_route=%2Fwp%2Fv2%2Fcomments&post=20"}],"version-history":[{"count":1,"href":"http:\/\/stahlhandel-glauninger.at\/index.php?rest_route=\/wp\/v2\/pages\/20\/revisions"}],"predecessor-version":[{"id":21,"href":"http:\/\/stahlhandel-glauninger.at\/index.php?rest_route=\/wp\/v2\/pages\/20\/revisions\/21"}],"up":[{"embeddable":true,"href":"http:\/\/stahlhandel-glauninger.at\/index.php?rest_route=\/wp\/v2\/pages\/2"}],"wp:attachment":[{"href":"http:\/\/stahlhandel-glauninger.at\/index.php?rest_route=%2Fwp%2Fv2%2Fmedia&parent=20"}],"curies":[{"name":"wp","href":"https:\/\/api.w.org\/{rel}","templated":true}]}}